 What is the remainder when (-1)/(-1*(-2)/i) is divided by 18?
17
Suppose 5*i - 3*s - 623 = i, 0 = 2*s - 6. Suppose -k = -5*b + 4*b - 39, -3*b = -4*k + i. What is the remainder when k is divided by (52/(-10) - -1)*-5?
20
Let s = 22 - 7. Suppose n - s = -4*n. Suppose 65 = r + n*g, 0 = 5*r - 0*r + 3*g - 289. What is the remainder when r is divided by 19?
18
Let t(v) = 13*v - 1. Let h(j) = -2*j + 13. What is the remainder when h(-4) is divided by t(1)?
9
Let b(f) = 5*f**3 - f**2 + 1. Let i be b(1). Suppose -i*l = 4*r + 30 - 87, -5*l - 3*r + 54 = 0. What is the remainder when 15 is divided by l?
6
Let k = 65 - 23. Calculate the remainder when k is divided by 11.
9
Let w(s) = s**2 - 9*s + 7. Let g be 1/(-2 - -1) + 9. Let n be w(g). What is the remainder when 2 + n + 370/10 is divided by 13?
12
Suppose 361 = 10*r - 499. Calculate the remainder when r is divided by 15.
11
Let w = 22 + -2. Suppose -j = 5*v + 13, -v - v - 12 = -3*j. Suppose j*z = -5*f + 63, 2*f = f - 5*z + 31. What is the remainder when w is divided by f?
9
Let i be 1/3 + 33/9. Suppose 0*f + 86 = -i*f + 2*j, 68 = -3*f - 2*j. Let g = 5 - f. What is the remainder when g is divided by 14?
13
Suppose 2*u + 34 = 5*q, -5*q + 28 = -q - 2*u. What is the remainder when 14 is divided by q?
2
What is the remainder when 14 is divided by (-5 - -8)/((-6)/(-4))?
0
Let b(f) = -87*f - 1. What is the remainder when b(-1) is divided by (-12)/(-8) - (-123)/6?
20
Suppose 14*s - 341 = 9*s - 3*y, -s = -y - 73. What is the remainder when s is divided by 24?
22
Suppose 16 = 4*d + j, 0 = 4*d + 7*j - 2*j - 16. Suppose n + 2 - 5 = 0. What is the remainder when d is divided by n?
1
Suppose 200 = -6*i + 10*i. Calculate the remainder when i is divided by 17.
16
Suppose 0 = -2*g - 2*y + 12, 3*y + 13 = 5*g - 9. Suppose -4*l = 2*v - 30, -2*l + 2*v + 1 = -5. Let m = 9 - l. Calculate the remainder when g is divided by m.
2
Let c = 74 - 63. Calculate the remainder when c is divided by 3.
2
Calculate the remainder when 0 - (-22 + -1) - 4 is divided by 11.
8
Calculate the remainder when 58 is divided by (3 - 0)*(-124)/(-12).
27
Suppose 6 = 3*t - 6, 4*p + 4*t - 56 = 0. Let h = p - 5. Suppose -j + 3*f = -16, 2*j - j = h*f + 26. Calculate the remainder when 1 is divided by j.
0
Suppose 13*k - 1684 = 123. Calculate the remainder when k is divided by 47.
45
Let k = 57 - 25. Calculate the remainder when k is divided by 13.
6
Suppose -4*y + 2*y - 4*b - 12 = 0, y = -b - 2. What is the remainder when 9 is divided by y?
1
Let m = -8 + 13. Suppose 5*p + 0*p = -m*b + 30, -3*b = -p - 38. Calculate the remainder when b is divided by 6.
5
Suppose 2*a = 2*q + 14, 5*q + a = -a - 21. Let z(y) = -y**3 - 3*y**2 - 2*y + 7. Let h be z(q). Let o = h - 29. What is the remainder when o is divided by 10?
8
Let f(o) = -o - 11. Let i be f(-11). Suppose 3*k - 90 = 8*t - 3*t, 5*k = 5*t + 150. Calculate the remainder when k is divided by (i - (-3 + 1)) + 14.
14
What is the remainder when 230 is divided by 132/2*8/16?
32
Let f(x) = 15*x**2 - x. Calculate the remainder when f(-1) is divided by 9.
7
Let s = -10 - -13. Suppose i - 16 = -s*i. Let j(d) = 2*d**2 + 5*d + 4. What is the remainder when j(-3) is divided by i?
3
Suppose 2*h = 0, -p + 2 = -3*h - 0*h. Let n(l) = l**3 - 2*l**2 + 2*l. Let t = 5 - 3. What is the remainder when n(p) is divided by t?
0
Suppose 0 = -3*q + 5*q - 52. What is the remainder when q is divided by 10?
6
Let i be ((-2)/(-3))/((-2)/(-12)). What is the remainder when 29 is divided by 10/((-5)/((-30)/i))?
14
Let f(n) = -n + 12. What is the remainder when 14 is divided by f(7)?
4
Suppose -161 = -3*g - 4*l, -4*g + 2*g + 105 = 5*l. What is the remainder when g is divided by 29?
26
Let r be ((-3)/3)/(-2)*0. Suppose r*k - 2*l - 56 = -5*k, 0 = -k + 4*l + 4. What is the remainder when 34 is divided by k?
10
Let w(b) = -b**2 - 9*b - 10. Let z be w(-7). Suppose 0 = d + z*d - 15. What is the remainder when 7 is divided by d?
1
Let q = 10 - 7. Suppose -q*f = -7*f + 76. Calculate the remainder when 56 is divided by f.
18
Let t = 102 - 70. Calculate the remainder when t is divided by -2*((-153)/6)/3.
15
Let m(y) = -22*y**3 + y**2 - 1. What is the remainder when m(-1) is divided by 12?
10
Let c = 3 - 3. Suppose c = 2*f - 28 - 58. Let y = -38 - -53. What is the remainder when f is divided by y?
13
Let k = 47 + 165. Suppose -8*m = -4*m - k. What is the remainder when m is divided by 18?
17
Suppose 10 = -3*b + 4, h = -4*b. Let p(g) = -2*g + 5. Let l be p(7). Let c = 12 + l. What is the remainder when h is divided by c?
2
Let l(y) = y**3 - 2*y**2 + 2*y + 3. What is the remainder when 32 is divided by l(3)?
14
Let w(h) = h**2 - 5*h. Let a(k) = k**3 - 3*k**2 - 2*k - 1. Suppose 5*r = -0*r + 20. Let i be a(r). Calculate the remainder when 40 is divided by w(i).
12
Suppose -2*o - 2*z + 32 = -2, z - 68 = -4*o. Let h = 100 - 34. Calculate the remainder when h is divided by o.
15
Let s = -1 + -2. Let f(u) = -u**3 + 3*u - 4. Suppose -3*r = -5*r - t + 111, 0 = -3*r - 2*t + 167. What is the remainder when r is divided by f(s)?
13
Let f(d) = -d**3 - 7*d**2 - 7*d + 8. Let h = 7 - 6. Suppose -l + h = -3. Calculate the remainder when f(-6) is divided by l.
2
Let m = 14 - -97. Suppose -8*l + 10 = -6. Suppose -l*y - 37 = -4*q + m, -2*y = 4*q - 132. Calculate the remainder when q is divided by 12.
11
Suppose 5*w - 31 = -2*v, v + 3*w - 27 = -3*v. Calculate the remainder when 6 is divided by v.
0
Suppose 0 = 3*s + s - 40. Suppose 147 = -7*h + s*h. Calculate the remainder when h is divided by 13.
10
Suppose -s = 2*k + k - 29, 4*k = 4*s + 28. Calculate the remainder when 26 - (4 + -1 + -2) is divided by k.
7
Calculate the remainder when 135 is divided by (-3 + 1 - -36)*1.
33
Suppose -2*y = 2*y - 40. Let a = -7 + y. What is the remainder when 10 is divided by a?
1
Suppose 6 = 2*d, 4*m + 0*d = 2*d + 42. Calculate the remainder when 44 is divided by m.
8
Suppose 5*w - 535 = -3*f + 4*f, -3*f - 227 = -2*w. Suppose -2*b = 3*v - w, 4*v + 0*b - 133 = -b. What is the remainder when v is divided by ((-1)/1)/(3/(-33))?
10
Let q be 2 - 4*(-3 - -4). What is the remainder when 23 is divided by q + 5 + (11 - 1)?
10
Suppose 0 = 2*y - 10 - 30. Calculate the remainder when y is divided by 12 + 1 + (-3 - -1).
9
Let q be 8/5 + (-2)/(-5). Let i be (-3 + 4 - -2) + q. Let g = i + 24. Calculate the remainder when g is divided by 10.
9
Suppose -606 = -4*p + 4*d + 242, 2*p - 429 = -3*d. Calculate the remainder when p is divided by 9.
6
Suppose 12 = -57*a + 58*a. Calculate the remainder when 23 is divided by a.
11
Let g(n) = n**3 + 8*n**2 - 11*n - 12. Let u = 0 - 9. Let k be g(u). Calculate the remainder when 16 is divided by 6/(-3) + (k - -2).
4
Let w = -8 - -57. Calculate the remainder when w is divided by 17.
15
Let m be (-4)/24 - 158/(-12). Suppose 15 = 4*f - m. Calculate the remainder when 3/((3 - 1)/8) is divided by f.
5
Let j be (-3 + -2 + 5)/1. Suppose -c - 3*m + 7 = 0, 4*c - 28 = -2*m - j*m. Suppose -30 + 6 = -2*p. Calculate the remainder when p is divided by c.
5
Let r be (-2)/(2/(-3)) - 1. Suppose 0 = 4*j - i - 97, r*j - 4*i - 51 = -i. What is the remainder when j is divided by 9?
6
Let f(m) = -14*m - 3. Let a = 1484 + -1387. Calculate the remainder when a is divided by f(-2).
22
Let i = 7 - 5. Suppose i*h - 5*h = -69. Let y = h - 14. What is the remainder when y is divided by 4?
1
Calculate the remainder when 51 is divided by (-3 - (-3)/9)*21/(-4).
9
Suppose -5*d - 4 - 1 = 0. Let z(x) = -6*x - 1. Let o be z(d). Suppose -o*p = -0*s - s + 7, s - 4*p = 6. What is the remainder when s is divided by 2?
0
Let f = 22 + 33. Suppose 0 = 3*k - 62 + 5. What is the remainder when f is divided by k?
17
Suppose -1 = 5*n - 16. Calculate the remainder when 5 is divided by n.
2
Suppose 2 = -2*w + 22. Suppose 3*c + f = 5*f + 37, 0 = 3*c - 3*f - 36. Suppose 0 = 6*n - c*n + 30. Calculate the remainder when w is divided by n.
4
What is the remainder when 74 is divided by (-2)/(-4) + (-158)/(-4)?
34
Let c(k) = -k**3 + 9*k**2 + 23*k + 12. Calculate the remainder when c(11) is divided by 13.
10
Let g(u) = 3*u + 5. Calculate the remainder when 38 is divided by g(5).
18
Let o(t) = -33*t**2 - t + 1. Suppose 0 = -2*p + 7*y - 2*y - 8, -4*y + 7 = -p. Let s be o(p). Let g = 52 + s. Calculate the remainder when 56 